{"id":205,"date":"2020-10-31T22:00:07","date_gmt":"2020-10-31T22:00:07","guid":{"rendered":"https:\/\/d.durling.nu\/?page_id=205"},"modified":"2021-05-22T06:17:57","modified_gmt":"2021-05-22T06:17:57","slug":"2012-2013","status":"publish","type":"page","link":"https:\/\/d.durling.nu\/?page_id=205","title":{"rendered":"2012\/2013"},"content":{"rendered":"\n<p>F01\/02 S\u00f6dra<\/p>\n\n\n\n<ul><li><a href=\"https:\/\/photos.app.goo.gl\/htA3ykHvAPDQ351aA\">Viskafors 2012-11-03<\/a><\/li><li><a href=\"https:\/\/photos.app.goo.gl\/iQdRQzxb99EPmSpm8\" target=\"_blank\" rel=\"noreferrer noopener\">\u00c4ngshallen 2012-11-17<\/a><\/li><li><a href=\"https:\/\/photos.app.goo.gl\/JNML1A3v2u4taYqs5\" target=\"_blank\" rel=\"noreferrer noopener\">Fristad 2013-01-26<\/a><\/li><li><a href=\"https:\/\/photos.app.goo.gl\/vEbNwPX1vvE1mLvF9\" target=\"_blank\" rel=\"noreferrer noopener\">Mullsj\u00f6 2013-02-24<\/a><\/li><\/ul>\n\n\n\n<p><\/p>\n","protected":false},"excerpt":{"rendered":"<p>F01\/02 S\u00f6dra Viskafors 2012-11-03 \u00c4ngshallen 2012-11-17 Fristad 2013-01-26 Mullsj\u00f6 2013-02-24<\/p>\n","protected":false},"author":1,"featured_media":0,"parent":0,"menu_order":0,"comment_status":"closed","ping_status":"closed","template":"","meta":[],"yoast_head":"<!-- This site is optimized with the Yoast SEO plugin v15.1.1 - https:\/\/yoast.com\/wordpress\/plugins\/seo\/ -->\n<title>2012\/2013 - d.durling<\/title>\n<meta name=\"robots\" content=\"index, follow, max-snippet:-1, max-image-preview:large, max-video-preview:-1\" \/>\n<link rel=\"canonical\" href=\"https:\/\/d.durling.nu\/?page_id=205\" \/>\n<meta property=\"og:locale\" content=\"en_US\" \/>\n<meta property=\"og:type\" content=\"article\" \/>\n<meta property=\"og:title\" content=\"2012\/2013 - d.durling\" \/>\n<meta property=\"og:description\" content=\"F01\/02 S\u00f6dra Viskafors 2012-11-03 \u00c4ngshallen 2012-11-17 Fristad 2013-01-26 Mullsj\u00f6 2013-02-24\" \/>\n<meta property=\"og:url\" content=\"https:\/\/d.durling.nu\/?page_id=205\" \/>\n<meta property=\"og:site_name\" content=\"d.durling\" \/>\n<meta property=\"article:modified_time\" content=\"2021-05-22T06:17:57+00:00\" \/>\n<meta name=\"twitter:card\" content=\"summary_large_image\" \/>\n<script type=\"application\/ld+json\" class=\"yoast-schema-graph\">{\"@context\":\"https:\/\/schema.org\",\"@graph\":[{\"@type\":\"WebSite\",\"@id\":\"https:\/\/d.durling.nu\/#website\",\"url\":\"https:\/\/d.durling.nu\/\",\"name\":\"d.durling\",\"description\":\"Floorball photos\",\"potentialAction\":[{\"@type\":\"SearchAction\",\"target\":\"https:\/\/d.durling.nu\/?s={search_term_string}\",\"query-input\":\"required name=search_term_string\"}],\"inLanguage\":\"en-US\"},{\"@type\":\"WebPage\",\"@id\":\"https:\/\/d.durling.nu\/?page_id=205#webpage\",\"url\":\"https:\/\/d.durling.nu\/?page_id=205\",\"name\":\"2012\/2013 - d.durling\",\"isPartOf\":{\"@id\":\"https:\/\/d.durling.nu\/#website\"},\"datePublished\":\"2020-10-31T22:00:07+00:00\",\"dateModified\":\"2021-05-22T06:17:57+00:00\",\"inLanguage\":\"en-US\",\"potentialAction\":[{\"@type\":\"ReadAction\",\"target\":[\"https:\/\/d.durling.nu\/?page_id=205\"]}]}]}<\/script>\n<!-- \/ Yoast SEO plugin. -->","_links":{"self":[{"href":"https:\/\/d.durling.nu\/index.php?rest_route=\/wp\/v2\/pages\/205"}],"collection":[{"href":"https:\/\/d.durling.nu\/index.php?rest_route=\/wp\/v2\/pages"}],"about":[{"href":"https:\/\/d.durling.nu\/index.php?rest_route=\/wp\/v2\/types\/page"}],"author":[{"embeddable":true,"href":"https:\/\/d.durling.nu\/index.php?rest_route=\/wp\/v2\/users\/1"}],"replies":[{"embeddable":true,"href":"https:\/\/d.durling.nu\/index.php?rest_route=%2Fwp%2Fv2%2Fcomments&post=205"}],"version-history":[{"count":4,"href":"https:\/\/d.durling.nu\/index.php?rest_route=\/wp\/v2\/pages\/205\/revisions"}],"predecessor-version":[{"id":254,"href":"https:\/\/d.durling.nu\/index.php?rest_route=\/wp\/v2\/pages\/205\/revisions\/254"}],"wp:attachment":[{"href":"https:\/\/d.durling.nu\/index.php?rest_route=%2Fwp%2Fv2%2Fmedia&parent=205"}],"curies":[{"name":"wp","href":"https:\/\/api.w.org\/{rel}","templated":true}]}}