{"id":220,"date":"2021-02-01T20:01:55","date_gmt":"2021-02-01T20:01:55","guid":{"rendered":"https:\/\/d.durling.nu\/?page_id=220"},"modified":"2023-01-09T21:50:00","modified_gmt":"2023-01-09T20:50:00","slug":"other","status":"publish","type":"page","link":"https:\/\/d.durling.nu\/?page_id=220","title":{"rendered":"Other"},"content":{"rendered":"\n<blockquote class=\"wp-block-quote\"><p>Mixed photos taken at different events<\/p><\/blockquote>\n\n\n\n<h2>2023<\/h2>\n\n\n\n<p>SDF-SM F06<\/p>\n\n\n\n<ul><li><a rel=\"noreferrer noopener\" href=\"https:\/\/photos.app.goo.gl\/5Edc6oDx3QF2gGGn9\" target=\"_blank\">2023-01-05 V\u00e4sterg\u00f6tland F06<\/a><\/li><li><a rel=\"noreferrer noopener\" href=\"https:\/\/photos.app.goo.gl\/MQM5wPoEiLE7dh5F9\" target=\"_blank\">2023-01-06 V\u00e4sterg\u00f6tland F06<\/a><\/li><li><a rel=\"noreferrer noopener\" href=\"https:\/\/photos.app.goo.gl\/buusDnHdn91phZCe8\" target=\"_blank\">2023-01-07 V\u00e4sterg\u00f6tland F06<\/a><\/li><li><a rel=\"noreferrer noopener\" href=\"https:\/\/photos.app.goo.gl\/Wh5LiA8fdeBHscnS6\" target=\"_blank\">2023-01-08 V\u00e4sterg\u00f6tland F06<\/a><\/li><\/ul>\n\n\n\n<p>SDF-SM P06<\/p>\n\n\n\n<ul><li><a href=\"https:\/\/photos.app.goo.gl\/UknyxXaF4kwNn7SV6\" target=\"_blank\" rel=\"noreferrer noopener\">2023-01-05 V\u00e4sterg\u00f6tland P06<\/a><\/li><li><a href=\"https:\/\/photos.app.goo.gl\/BiWv9CmkpLnsUf439\" target=\"_blank\" rel=\"noreferrer noopener\">2023-01-06 V\u00e4sterg\u00f6tland P06<\/a><\/li><li><a href=\"https:\/\/photos.app.goo.gl\/nM6NVKcZdyuzzbsp7\" target=\"_blank\" rel=\"noreferrer noopener\">2023-01-07 V\u00e4sterg\u00f6tland P06<\/a><\/li><\/ul>\n\n\n\n<p><\/p>\n\n\n\n<h2>2022<\/h2>\n\n\n\n<p>Distriktslag V\u00e4sterg\u00f6tland F06<\/p>\n\n\n\n<ul><li><a rel=\"noreferrer noopener\" href=\"https:\/\/photos.app.goo.gl\/7q3qa6AcaZYucydg9\" target=\"_blank\">V\u00e4nersborg-V\u00e4sterg\u00f6tland 2022-09-25<\/a><\/li><li><a rel=\"noreferrer noopener\" href=\"https:\/\/photos.app.goo.gl\/XMfSjzEJJt5WUqfo6\" target=\"_blank\">V\u00e4sterg\u00f6tland-Sm\u00e5land 2022-11-05<\/a><\/li><li><a rel=\"noreferrer noopener\" href=\"https:\/\/photos.app.goo.gl\/YsvXDzTrLSowJZoaA\" target=\"_blank\">Fristad-V\u00e4sterg\u00f6tland 2022-12-12<\/a><\/li><li><a rel=\"noreferrer noopener\" href=\"https:\/\/photos.app.goo.gl\/z7w2KvvheuJpmqKJ8\" target=\"_blank\">Fr\u00f6jered-V\u00e4sterg\u00f6tland 2022-12-20<\/a><\/li><li><a rel=\"noreferrer noopener\" href=\"https:\/\/photos.app.goo.gl\/HphVve6bGdPW62DP8\" target=\"_blank\">V\u00e4rmland-V\u00e4sterg\u00f6tland 2022-12-28<\/a><\/li><\/ul>\n\n\n\n<p>Distriktslag V\u00e4sterg\u00f6tland P06<\/p>\n\n\n\n<ul><li><a href=\"https:\/\/photos.app.goo.gl\/jmQfQ6AZGrwqDoVP7\" target=\"_blank\" rel=\"noreferrer noopener\">V\u00e4rmland-V\u00e4sterg\u00f6tland 2022-12-28<\/a><\/li><\/ul>\n\n\n\n<h2>2020<\/h2>\n\n\n\n<p>SDF-SM-G16<\/p>\n\n\n\n<ul><li><a href=\"https:\/\/photos.app.goo.gl\/wZY66G6C516Ne6FV6\" target=\"_blank\" rel=\"noreferrer noopener\">2020-01-03 V\u00e4sterg\u00f6tland F03<\/a><\/li><li><a href=\"https:\/\/photos.app.goo.gl\/KbJ2N9YEoUXKZEZ69\" target=\"_blank\" rel=\"noreferrer noopener\">2020-01-04 V\u00e4sterg\u00f6tland F03<\/a><\/li><li><a href=\"https:\/\/photos.app.goo.gl\/r3jHvcEZoFjQRvAB6\" target=\"_blank\" rel=\"noreferrer noopener\">2020-01-05 V\u00e4sterg\u00f6tland F03<\/a><\/li><li><a href=\"https:\/\/photos.app.goo.gl\/QoevTdfyFid2ykwT9\" target=\"_blank\" rel=\"noreferrer noopener\">2020-01-06 V\u00e4sterg\u00f6tland F03<\/a><\/li><\/ul>\n\n\n\n<p>SDF-SM-P16<\/p>\n\n\n\n<ul><li><a href=\"https:\/\/photos.app.goo.gl\/vNWoD3EhPd3LUb4Y9\" target=\"_blank\" rel=\"noreferrer noopener\">2020-01-03 V\u00e4sterg\u00f6tland P03<\/a><\/li><li><a href=\"https:\/\/photos.app.goo.gl\/Xi2AS9eyi7SDqPP79\" target=\"_blank\" rel=\"noreferrer noopener\">2020-01-04 V\u00e4sterg\u00f6tland P03<\/a><\/li><li><a href=\"https:\/\/photos.app.goo.gl\/pXsTfn9cdNuMeoXw7\" target=\"_blank\" rel=\"noreferrer noopener\">2020-01-05 V\u00e4sterg\u00f6tland P03<\/a><\/li><\/ul>\n\n\n\n<h2>2019<\/h2>\n\n\n\n<p>Distriktslag V\u00e4sterg\u00f6tland 03<\/p>\n\n\n\n<ul><li><a href=\"https:\/\/photos.app.goo.gl\/jBtr3m2AUxbhzLDR6\" target=\"_blank\" rel=\"noreferrer noopener\">V\u00e4sterg\u00f6tland-V\u00e4rmland 2019-11-30<\/a><\/li><li><a href=\"https:\/\/photos.app.goo.gl\/R6cNwiJAidzJbZhP8\" target=\"_blank\" rel=\"noreferrer noopener\">Sm\u00e5land-V\u00e4sterg\u00f6tland 2019-11-02<\/a><\/li><li><a href=\"https:\/\/photos.app.goo.gl\/aTtTEdWWfYDXa7SB8\">V\u00e4sterg\u00f6tland-Lockerud 2019-10-08<\/a><\/li><\/ul>\n\n\n\n<p><\/p>\n","protected":false},"excerpt":{"rendered":"<p>Mixed photos taken at different events 2023 SDF-SM F06 2023-01-05 V\u00e4sterg\u00f6tland F06 2023-01-06 V\u00e4sterg\u00f6tland F06 2023-01-07 V\u00e4sterg\u00f6tland F06 2023-01-08 V\u00e4sterg\u00f6tland<\/p>\n<p class=\"more-link\"><a href=\"https:\/\/d.durling.nu\/?page_id=220\" class=\"readmore\">Continue reading&#8230;<span class=\"screen-reader-text\">Other<\/span><\/a><\/p>\n","protected":false},"author":1,"featured_media":0,"parent":0,"menu_order":0,"comment_status":"closed","ping_status":"closed","template":"","meta":[],"yoast_head":"<!-- This site is optimized with the Yoast SEO plugin v15.1.1 - https:\/\/yoast.com\/wordpress\/plugins\/seo\/ -->\n<title>Other - d.durling<\/title>\n<meta name=\"robots\" content=\"index, follow, max-snippet:-1, max-image-preview:large, max-video-preview:-1\" \/>\n<link rel=\"canonical\" href=\"https:\/\/d.durling.nu\/?page_id=220\" \/>\n<meta property=\"og:locale\" content=\"en_US\" \/>\n<meta property=\"og:type\" content=\"article\" \/>\n<meta property=\"og:title\" content=\"Other - d.durling\" \/>\n<meta property=\"og:description\" content=\"Mixed photos taken at different events 2023 SDF-SM F06 2023-01-05 V\u00e4sterg\u00f6tland F06 2023-01-06 V\u00e4sterg\u00f6tland F06 2023-01-07 V\u00e4sterg\u00f6tland F06 2023-01-08 V\u00e4sterg\u00f6tlandContinue reading...Other\" \/>\n<meta property=\"og:url\" content=\"https:\/\/d.durling.nu\/?page_id=220\" \/>\n<meta property=\"og:site_name\" content=\"d.durling\" \/>\n<meta property=\"article:modified_time\" content=\"2023-01-09T20:50:00+00:00\" \/>\n<meta name=\"twitter:card\" content=\"summary_large_image\" \/>\n<script type=\"application\/ld+json\" class=\"yoast-schema-graph\">{\"@context\":\"https:\/\/schema.org\",\"@graph\":[{\"@type\":\"WebSite\",\"@id\":\"https:\/\/d.durling.nu\/#website\",\"url\":\"https:\/\/d.durling.nu\/\",\"name\":\"d.durling\",\"description\":\"Floorball photos\",\"potentialAction\":[{\"@type\":\"SearchAction\",\"target\":\"https:\/\/d.durling.nu\/?s={search_term_string}\",\"query-input\":\"required name=search_term_string\"}],\"inLanguage\":\"en-US\"},{\"@type\":\"WebPage\",\"@id\":\"https:\/\/d.durling.nu\/?page_id=220#webpage\",\"url\":\"https:\/\/d.durling.nu\/?page_id=220\",\"name\":\"Other - d.durling\",\"isPartOf\":{\"@id\":\"https:\/\/d.durling.nu\/#website\"},\"datePublished\":\"2021-02-01T20:01:55+00:00\",\"dateModified\":\"2023-01-09T20:50:00+00:00\",\"inLanguage\":\"en-US\",\"potentialAction\":[{\"@type\":\"ReadAction\",\"target\":[\"https:\/\/d.durling.nu\/?page_id=220\"]}]}]}<\/script>\n<!-- \/ Yoast SEO plugin. -->","_links":{"self":[{"href":"https:\/\/d.durling.nu\/index.php?rest_route=\/wp\/v2\/pages\/220"}],"collection":[{"href":"https:\/\/d.durling.nu\/index.php?rest_route=\/wp\/v2\/pages"}],"about":[{"href":"https:\/\/d.durling.nu\/index.php?rest_route=\/wp\/v2\/types\/page"}],"author":[{"embeddable":true,"href":"https:\/\/d.durling.nu\/index.php?rest_route=\/wp\/v2\/users\/1"}],"replies":[{"embeddable":true,"href":"https:\/\/d.durling.nu\/index.php?rest_route=%2Fwp%2Fv2%2Fcomments&post=220"}],"version-history":[{"count":14,"href":"https:\/\/d.durling.nu\/index.php?rest_route=\/wp\/v2\/pages\/220\/revisions"}],"predecessor-version":[{"id":572,"href":"https:\/\/d.durling.nu\/index.php?rest_route=\/wp\/v2\/pages\/220\/revisions\/572"}],"wp:attachment":[{"href":"https:\/\/d.durling.nu\/index.php?rest_route=%2Fwp%2Fv2%2Fmedia&parent=220"}],"curies":[{"name":"wp","href":"https:\/\/api.w.org\/{rel}","templated":true}]}}