{"id":478,"date":"2022-08-15T19:38:28","date_gmt":"2022-08-15T18:38:28","guid":{"rendered":"https:\/\/d.durling.nu\/?page_id=478"},"modified":"2026-02-14T20:14:04","modified_gmt":"2026-02-14T19:14:04","slug":"jonkopings-ik-dam","status":"publish","type":"page","link":"https:\/\/d.durling.nu\/?page_id=478","title":{"rendered":"J\u00f6nk\u00f6pings IK Dam"},"content":{"rendered":"\n<figure class=\"wp-block-image alignfull size-large\"><img loading=\"lazy\" width=\"1024\" height=\"497\" src=\"https:\/\/d.durling.nu\/wp-content\/uploads\/2024\/10\/3I1A7755-1024x497.jpg\" alt=\"\" class=\"wp-image-638\" srcset=\"https:\/\/d.durling.nu\/wp-content\/uploads\/2024\/10\/3I1A7755-1024x497.jpg 1024w, https:\/\/d.durling.nu\/wp-content\/uploads\/2024\/10\/3I1A7755-300x146.jpg 300w, https:\/\/d.durling.nu\/wp-content\/uploads\/2024\/10\/3I1A7755-768x373.jpg 768w, https:\/\/d.durling.nu\/wp-content\/uploads\/2024\/10\/3I1A7755-1536x745.jpg 1536w, https:\/\/d.durling.nu\/wp-content\/uploads\/2024\/10\/3I1A7755-2048x994.jpg 2048w\" sizes=\"(max-width: 1024px) 100vw, 1024px\" \/><\/figure>\n\n\n\n<h2>2025\/2026<\/h2>\n\n\n\n<p>Allsvenskan s\u00f6dra<\/p>\n\n\n\n<ul><li><a rel=\"noreferrer noopener\" href=\"https:\/\/photos.app.goo.gl\/heaGYqiBGQZseP898\" target=\"_blank\">JIK-Lill\u00e5n 2025-11-02<\/a><\/li><li><a href=\"https:\/\/photos.app.goo.gl\/ryKLeRFXzjJFBgtu7\" target=\"_blank\" rel=\"noreferrer noopener\">JIK-Skoghall 2026-02-01<\/a><\/li><\/ul>\n\n\n\n<h2>2024\/2025<\/h2>\n\n\n\n<p>Allsvenskan s\u00f6dra<\/p>\n\n\n\n<ul><li><a rel=\"noreferrer noopener\" href=\"https:\/\/photos.app.goo.gl\/UxA8nmUapr8VwqAWA\" target=\"_blank\">JIK-Partille 2024-10-20<\/a><\/li><li><a rel=\"noreferrer noopener\" href=\"https:\/\/photos.app.goo.gl\/KNVuerR9eBB89hxC8\" target=\"_blank\">JIK-Lockerud 2024-10-27<\/a><\/li><li><a rel=\"noreferrer noopener\" href=\"https:\/\/photos.app.goo.gl\/mSXNBcwDccAd1nsB7\" target=\"_blank\">JIK-R\u00f6nnby 2024-12-01<\/a><\/li><li><a rel=\"noreferrer noopener\" href=\"https:\/\/photos.google.com\/share\/AF1QipOsh2BB-FkLyBFq4125Fv4tYhA4_Qi1zg8usz4zYsNAXp_XJNumnPJGyYeQY9nnlg?key=cHFYSUIyUnpSM29RUjh4YWVoSmVVOVhPV1h3TTRn\" target=\"_blank\">JIK-V\u00e4xj\u00f6 2024-12-21<\/a><\/li><li><a href=\"https:\/\/photos.app.goo.gl\/ANPVCDjZP7AgsarP6\">Landvetter-JIK 2025-01-21<\/a><\/li><li><a rel=\"noreferrer noopener\" href=\"https:\/\/photos.app.goo.gl\/8xW4iYHWstuimTmAA\" target=\"_blank\">Partille-JIK 2025-02-08<\/a><\/li><li><a href=\"https:\/\/photos.app.goo.gl\/vzA4Da9pqJBpVXrA6\">Lindome-JIK 2025-03-01<\/a><\/li><\/ul>\n\n\n\n<p>Svenska Cupen<\/p>\n\n\n\n<ul><li><a href=\"https:\/\/photos.app.goo.gl\/KjnFPX2uP3D5BfmJ9\" target=\"_blank\" rel=\"noreferrer noopener\">JIK-Olofstr\u00f6m 2024-08-31<\/a><\/li><\/ul>\n\n\n\n<p>Tr\u00e4ningsmatch<\/p>\n\n\n\n<ul><li><a href=\"https:\/\/photos.app.goo.gl\/95ziPbuMMLJoxFhu9\" target=\"_blank\" rel=\"noreferrer noopener\">Warberg-JIK 20204-08-09<\/a><\/li><\/ul>\n\n\n\n<p><\/p>\n\n\n\n<h2>2023\/2024<\/h2>\n\n\n\n<p>Allsvenskan s\u00f6dra<\/p>\n\n\n\n<ul><li><a rel=\"noreferrer noopener\" href=\"https:\/\/photos.app.goo.gl\/CjfiQvDtmFBqqEiw9\" target=\"_blank\">Lindome-JIK 2023-09-24<\/a><\/li><li><a rel=\"noreferrer noopener\" href=\"https:\/\/photos.app.goo.gl\/WRjPCR9z8zDpNhDA6\" target=\"_blank\">JIK-Telge 2023-09-30<\/a><\/li><li><a rel=\"noreferrer noopener\" href=\"https:\/\/photos.app.goo.gl\/sukRT6kQ4QtHzrjDA\" target=\"_blank\">JIK-Huddinge 2023-10-01<\/a><\/li><li><a rel=\"noreferrer noopener\" href=\"https:\/\/photos.app.goo.gl\/NsBEsBntsLuE9zba9\" target=\"_blank\">JIK-Fristad 2023-10-28<\/a><\/li><li><a rel=\"noreferrer noopener\" href=\"https:\/\/photos.app.goo.gl\/frxBHZnTeEbUDkTX6\" target=\"_blank\">JIK-Lind\u00e5s 2023-11-11<\/a><\/li><li><a rel=\"noreferrer noopener\" href=\"https:\/\/photos.app.goo.gl\/gaf6gt1iQndbKjHDA\" target=\"_blank\">JIK-Partille 2023-12-16<\/a><\/li><li><a rel=\"noreferrer noopener\" href=\"https:\/\/photos.app.goo.gl\/eMxhstj9pP8EwRME7\" target=\"_blank\">Fristad-JIK 2024-01-14<\/a><\/li><li><a rel=\"noreferrer noopener\" href=\"https:\/\/photos.app.goo.gl\/6MhPVaQDG4JeEGNC7\" target=\"_blank\">JIK-Katrineholm 2024-01-21<\/a><\/li><li><a rel=\"noreferrer noopener\" href=\"https:\/\/photos.app.goo.gl\/HUEUvbJDs6pUiMdL8\" target=\"_blank\">JIK-Lindome 2024-02-10<\/a><\/li><li><a rel=\"noreferrer noopener\" href=\"https:\/\/photos.app.goo.gl\/meYzdKjMy91tUKmf7\" target=\"_blank\">JIK-Kraftstaden 2024-02-17<\/a><\/li><li><a rel=\"noreferrer noopener\" href=\"https:\/\/photos.app.goo.gl\/UNZ9TUcFz4zviyDa8\" target=\"_blank\">Lind\u00e5s-JIK 2024-02-24<\/a><\/li><li><a rel=\"noreferrer noopener\" href=\"https:\/\/photos.app.goo.gl\/sfmzFz6PVtBvX8Uv9\" target=\"_blank\">JIK-Oskarstr\u00f6m 2024-03-02<\/a><\/li><li><a rel=\"noreferrer noopener\" href=\"https:\/\/photos.app.goo.gl\/Gay9W89nLDsAtf5h9\" target=\"_blank\">Partille-JIK 2024-03-16<\/a><\/li><li><a rel=\"noreferrer noopener\" href=\"https:\/\/photos.app.goo.gl\/dcqsSDZBtL4vnLECA\" target=\"_blank\">JIK-Skoghall 2024-03-23<\/a><\/li><\/ul>\n\n\n\n<p>Tr\u00e4ningsmatcher<\/p>\n\n\n\n<ul><li><a rel=\"noreferrer noopener\" href=\"https:\/\/photos.app.goo.gl\/tH17iZ2MX2pNf1M47\" target=\"_blank\">Warberg-JIK 2023-08-19<\/a><\/li><li><a rel=\"noreferrer noopener\" href=\"https:\/\/photos.app.goo.gl\/prnub4x6viSzYMQK8\" target=\"_blank\">JIK-Kalmarsund 2023-08-25<\/a><\/li><li><a rel=\"noreferrer noopener\" href=\"https:\/\/photos.app.goo.gl\/kukUR7qhVotwUbyn8\" target=\"_blank\">JIK-Fr\u00f6jered 2023-09-15<\/a><\/li><\/ul>\n\n\n\n<h2>2022\/2023<\/h2>\n\n\n\n<p>Allsvenskan s\u00f6dra<\/p>\n\n\n\n<ul><li><a rel=\"noreferrer noopener\" href=\"https:\/\/photos.app.goo.gl\/icJodzZ7d9Fs6Nw28\" target=\"_blank\">JIK-Lind\u00e5s 2022-09-24<\/a><\/li><li><a rel=\"noreferrer noopener\" href=\"https:\/\/photos.app.goo.gl\/9dNCJtQFeQXKRFVX7\" target=\"_blank\">JIK-Hagfors 2022-10-16<\/a><\/li><li><a rel=\"noreferrer noopener\" href=\"https:\/\/photos.app.goo.gl\/ZkQTDxkAZvngmv5N7\" target=\"_blank\">Warberg-JIK 2022-10-23<\/a><\/li><li><a rel=\"noreferrer noopener\" href=\"https:\/\/photos.app.goo.gl\/qo6ajYoT7ujiiFw1A\" target=\"_blank\">JIK-Lindome 2022-11-20<\/a><\/li><li><a rel=\"noreferrer noopener\" href=\"https:\/\/photos.google.com\/share\/AF1QipPSwbewJ1FZ3a-MYT3q3SGQ17WCLlCp_3kEioJcy2euF_wc8tU61IkSnzrXTF40sQ?key=eXlKWTBSNlpjbmpWOEpFRTROb0dzelMzYTA2TDBB\" target=\"_blank\">G\u00f6teborg-JIK 2022-12-10<\/a><\/li><li><a rel=\"noreferrer noopener\" href=\"https:\/\/photos.app.goo.gl\/XR82P9hS7XGG6bim8\" target=\"_blank\">JIK-Telge 2023-01-21<\/a><\/li><li><a rel=\"noreferrer noopener\" href=\"https:\/\/photos.app.goo.gl\/SU7BqyndcHFDx3ok8\" target=\"_blank\">Lind\u00e5s-JIK 2023-01-28<\/a><\/li><li><a rel=\"noreferrer noopener\" href=\"https:\/\/photos.app.goo.gl\/gXw65gwCVXubzExdA\" target=\"_blank\">JIK-Partille 2023-02-12<\/a><\/li><li><a rel=\"noreferrer noopener\" href=\"https:\/\/photos.app.goo.gl\/yoxU8KF21hsQ2yXb7\" target=\"_blank\">Lindome-JIK 2023-02-18<\/a><\/li><li><a rel=\"noreferrer noopener\" href=\"https:\/\/photos.app.goo.gl\/pU99KGCHqnkM4LmQ9\" target=\"_blank\">JIK-V\u00e4xj\u00f6 2023-02-25<\/a><\/li><li><a rel=\"noreferrer noopener\" href=\"https:\/\/photos.app.goo.gl\/F5PDDdpMAnDHi9TL8\" target=\"_blank\">JIK-G\u00f6teborg 2023-03-11<\/a><\/li><li><a href=\"https:\/\/photos.app.goo.gl\/qzEtpyLZKCuWo4219\" target=\"_blank\" rel=\"noreferrer noopener\">JIK-Lockerud 2023-03-19<\/a><\/li><\/ul>\n\n\n\n<p>Tr\u00e4ningsmatcher<\/p>\n\n\n\n<ul><li><a rel=\"noreferrer noopener\" href=\"https:\/\/photos.app.goo.gl\/T2Ki2zqXPtaAbYBF7\" target=\"_blank\">JIK-Warberg 2022-08-06<\/a><\/li><li><a rel=\"noreferrer noopener\" href=\"https:\/\/photos.app.goo.gl\/SbyyawnqE1W7sVNt8\" target=\"_blank\">JIK-Partille 2022-09-03<\/a><\/li><li><a href=\"https:\/\/photos.app.goo.gl\/mRJCqunzx2pBeCD49\" target=\"_blank\" rel=\"noreferrer noopener\">Fristad-JIK 2022-09-16<\/a><\/li><\/ul>\n\n\n\n<p>Svenska Cupen<\/p>\n\n\n\n<ul><li><a rel=\"noreferrer noopener\" href=\"https:\/\/photos.app.goo.gl\/p2SR5X4aWCtsZ6bJ6\" target=\"_blank\">JIK-V\u00e4xj\u00f6 2022-09-09<\/a><\/li><li><a rel=\"noreferrer noopener\" href=\"https:\/\/photos.app.goo.gl\/EQi2ELi4SEjgoTZV9\" target=\"_blank\">V\u00e4ster\u00e5s-JIK 2022-09-10<\/a><\/li><\/ul>\n\n\n\n<p><\/p>\n","protected":false},"excerpt":{"rendered":"<p>2025\/2026 Allsvenskan s\u00f6dra JIK-Lill\u00e5n 2025-11-02 JIK-Skoghall 2026-02-01 2024\/2025 Allsvenskan s\u00f6dra JIK-Partille 2024-10-20 JIK-Lockerud 2024-10-27 JIK-R\u00f6nnby 2024-12-01 JIK-V\u00e4xj\u00f6 2024-12-21 Landvetter-JIK 2025-01-21<\/p>\n<p class=\"more-link\"><a href=\"https:\/\/d.durling.nu\/?page_id=478\" class=\"readmore\">Continue reading&#8230;<span class=\"screen-reader-text\">J\u00f6nk\u00f6pings IK Dam<\/span><\/a><\/p>\n","protected":false},"author":1,"featured_media":0,"parent":0,"menu_order":0,"comment_status":"closed","ping_status":"closed","template":"","meta":[],"yoast_head":"<!-- This site is optimized with the Yoast SEO plugin v15.1.1 - https:\/\/yoast.com\/wordpress\/plugins\/seo\/ -->\n<title>J\u00f6nk\u00f6pings IK Dam - d.durling<\/title>\n<meta name=\"robots\" content=\"index, follow, max-snippet:-1, max-image-preview:large, max-video-preview:-1\" \/>\n<link rel=\"canonical\" href=\"https:\/\/d.durling.nu\/?page_id=478\" \/>\n<meta property=\"og:locale\" content=\"en_US\" \/>\n<meta property=\"og:type\" content=\"article\" \/>\n<meta property=\"og:title\" content=\"J\u00f6nk\u00f6pings IK Dam - d.durling\" \/>\n<meta property=\"og:description\" content=\"2025\/2026 Allsvenskan s\u00f6dra JIK-Lill\u00e5n 2025-11-02 JIK-Skoghall 2026-02-01 2024\/2025 Allsvenskan s\u00f6dra JIK-Partille 2024-10-20 JIK-Lockerud 2024-10-27 JIK-R\u00f6nnby 2024-12-01 JIK-V\u00e4xj\u00f6 2024-12-21 Landvetter-JIK 2025-01-21Continue reading...J\u00f6nk\u00f6pings IK Dam\" \/>\n<meta property=\"og:url\" content=\"https:\/\/d.durling.nu\/?page_id=478\" \/>\n<meta property=\"og:site_name\" content=\"d.durling\" \/>\n<meta property=\"article:modified_time\" content=\"2026-02-14T19:14:04+00:00\" \/>\n<meta property=\"og:image\" content=\"https:\/\/d.durling.nu\/wp-content\/uploads\/2024\/10\/3I1A7755-1024x497.jpg\" \/>\n<meta name=\"twitter:card\" content=\"summary_large_image\" \/>\n<script type=\"application\/ld+json\" class=\"yoast-schema-graph\">{\"@context\":\"https:\/\/schema.org\",\"@graph\":[{\"@type\":\"WebSite\",\"@id\":\"https:\/\/d.durling.nu\/#website\",\"url\":\"https:\/\/d.durling.nu\/\",\"name\":\"d.durling\",\"description\":\"Floorball photos\",\"potentialAction\":[{\"@type\":\"SearchAction\",\"target\":\"https:\/\/d.durling.nu\/?s={search_term_string}\",\"query-input\":\"required name=search_term_string\"}],\"inLanguage\":\"en-US\"},{\"@type\":\"ImageObject\",\"@id\":\"https:\/\/d.durling.nu\/?page_id=478#primaryimage\",\"inLanguage\":\"en-US\",\"url\":\"https:\/\/d.durling.nu\/wp-content\/uploads\/2024\/10\/3I1A7755-scaled.jpg\",\"width\":2560,\"height\":1242},{\"@type\":\"WebPage\",\"@id\":\"https:\/\/d.durling.nu\/?page_id=478#webpage\",\"url\":\"https:\/\/d.durling.nu\/?page_id=478\",\"name\":\"J\\u00f6nk\\u00f6pings IK Dam - d.durling\",\"isPartOf\":{\"@id\":\"https:\/\/d.durling.nu\/#website\"},\"primaryImageOfPage\":{\"@id\":\"https:\/\/d.durling.nu\/?page_id=478#primaryimage\"},\"datePublished\":\"2022-08-15T18:38:28+00:00\",\"dateModified\":\"2026-02-14T19:14:04+00:00\",\"inLanguage\":\"en-US\",\"potentialAction\":[{\"@type\":\"ReadAction\",\"target\":[\"https:\/\/d.durling.nu\/?page_id=478\"]}]}]}<\/script>\n<!-- \/ Yoast SEO plugin. -->","_links":{"self":[{"href":"https:\/\/d.durling.nu\/index.php?rest_route=\/wp\/v2\/pages\/478"}],"collection":[{"href":"https:\/\/d.durling.nu\/index.php?rest_route=\/wp\/v2\/pages"}],"about":[{"href":"https:\/\/d.durling.nu\/index.php?rest_route=\/wp\/v2\/types\/page"}],"author":[{"embeddable":true,"href":"https:\/\/d.durling.nu\/index.php?rest_route=\/wp\/v2\/users\/1"}],"replies":[{"embeddable":true,"href":"https:\/\/d.durling.nu\/index.php?rest_route=%2Fwp%2Fv2%2Fcomments&post=478"}],"version-history":[{"count":46,"href":"https:\/\/d.durling.nu\/index.php?rest_route=\/wp\/v2\/pages\/478\/revisions"}],"predecessor-version":[{"id":665,"href":"https:\/\/d.durling.nu\/index.php?rest_route=\/wp\/v2\/pages\/478\/revisions\/665"}],"wp:attachment":[{"href":"https:\/\/d.durling.nu\/index.php?rest_route=%2Fwp%2Fv2%2Fmedia&parent=478"}],"curies":[{"name":"wp","href":"https:\/\/api.w.org\/{rel}","templated":true}]}}